2) in base 5?
42
What is -5626 (base 9) in base 15?
-1370
1335 (base 6) to base 7
1004
Convert -b0c (base 14) to base 13.
-caa
Convert -1111 (base 5) to base 13.
-c0
Convert 23a (base 16) to base 3.
210010
-19938 (base 11) to base 5
-1342000
What is 1785 (base 10) in base 11?
1383
What is 1ab (base 13) in base 3?
102111
-4334 (base 5) to base 15
-299
What is 41466 (base 7) in base 3?
111222110
What is -18332 (base 10) in base 14?
-6976
What is -867 (base 14) in base 11?
-1279
What is -1211 (base 5) in base 12?
-131
Convert -5656 (base 8) to base 2.
-101110101110
What is 259 (base 13) in base 9?
507
Convert 122201 (base 3) to base 8.
736
-616 (base 13) to base 5
-13113
-6277 (base 8) to base 6
-23035
Convert 1449 (base 13) to base 14.
10d8
What is -21333 (base 4) in base 3?
-212200
Convert 2021021 (base 3) to base 11.
1274
What is 20362 (base 7) in base 4?
1032001
Convert -97 (base 14) to base 4.
-2011
-8088 (base 9) to base 4
-1130120
What is -109 (base 15) in base 11?
-1a3
What is -138a9 (base 13) in base 16?
-8f23
Convert 53626 (base 8) to base 13.
a28a
-757 (base 14) to base 7
-4140
What is 7e2 (base 15) in base 8?
3373
What is -157c (base 13) in base 11?
-23aa
Convert -101111 (base 4) to base 7.
-3143
What is 2244 (base 7) in base 14?
424
Convert -111010001111010 (base 2) to base 8.
-72172
What is 407 (base 16) in base 3?
1102012
236 (base 11) to base 4
10121
Convert -a8 (base 13) to base 5.
-1023
Convert 3a4 (base 14) to base 9.
1003
Convert -2376c (base 13) to base 4.
-33313122
What is -28435 (base 10) in base 6?
-335351
What is 31320222 (base 4) in base 15?
11cb9
What is 657 (base 9) in base 8?
1032
1741 (base 11) to base 12
1353
Convert 1101001101110000 (base 2) to base 9.
82222
What is -35a4 (base 16) in base 2?
-11010110100100
-ca (base 14) to base 11
-152
Convert -14010 (base 15) to base 12.
-31150
What is -9d2a (base 14) in base 15?
-813c
What is 10002 (base 3) in base 10?
83
Convert -121050 (base 6) to base 13.
-4aa6
-123020 (base 4) to base 10
-1736
What is -12200 (base 4) in base 8?
-640
What is 57444 (base 8) in base 4?
11330210
bc0 (base 14) to base 5
33244
Convert 101320 (base 4) to base 5.
14034
What is 30145 (base 6) in base 13?
1a51
124 (base 14) to base 5
1403
-1022022 (base 3) to base 11
-797
What is 5379 (base 11) in base 5?
211404
Convert -134013 (base 6) to base 11.
-9468
What is 3072 (base 16) in base 3?
122000100
Convert 8670 (base 9) to base 11.
4881
Convert 651 (base 9) to base 11.
444
Convert -399 (base 10) to base 12.
-293
What is 11001111 (base 2) in base 9?
250
Convert -2a0 (base 11) to base 12.
-254
Convert -6175 (base 9) to base 5.
-121043
What is -20358 (base 9) in base 4?
-3101222
What is -32a (base 12) in base 10?
-466
What is -361 (base 11) in base 6?
-1554
16415 (base 12) to base 2
111101111010001
What is -986 (base 14) in base 15?
-857
What is 32a (base 15) in base 12?
4b7
Convert -13852 (base 10) to base 3.
-201000001
3670 (base 13) to base 14
2b3a
Convert 1320 (base 7) to base 15.
239
What is -332 (base 7) in base 13?
-101
Convert 2002 (base 3) to base 4.
320
What is -1111321 (base 4) in base 12?
-3221
207 (base 10) to base 5
1312
-270 (base 10) to base 16
-10e
What is 10 (base 16) in base 7?
22
Convert -3a2 (base 12) to base 7.
-1421
What is -3113 (base 9) in base 5?
-33110
What is 1a2e (base 15) in base 10?
5669
Convert be6 (base 15) to base 10.
2691
Convert -25623 (base 7) to base 16.
-1aac
Convert -19b (base 15) to base 11.
-308
What is 510 (base 7) in base 5?
2002
What is c2b (base 13) in base 16?
811
Convert 1230131 (base 4) to base 7.
26144
636 (base 8) to base 14
218
What is -10122202 (base 3) in base 14?
-d86
Convert -109 (base 16) to base 14.
-14d
Convert -1101001111111 (base 2) to base 12.
-3b13
-10220110 (base 3) to base 6
-21103
Convert 10000110 (base 2) to base 15.
8e
Convert 659 (base 12) to base 11.
779
Convert 1b51 (base 13) to base 2.
1000000011010
Convert -273 (base 12) to base 3.
-111220
Convert 60 (base 13) to base 4.
1032
Convert 1010111 (base 2) to base 13.
69
1551 (base 7) to base 16
270
Convert -5983 (base 13) to base 4.
-3011011
2203 (base 10) to base 5
32303
Convert -6242 (base 13) to base 9.
-20552
What is -32536 (base 9) in base 10?
-21579
-a7 (base 12) to base 9
-151
What is -221122 (base 4) in base 9?
-3564
Convert c2ac (base 15) to base 11.
28985
-35868 (base 10) to base 7
-206400
-673 (base 8) to base 13
-281
-1121122110 (base 3) to base 13
-11637
101001 (base 3) to base 11
227
Convert 4aba (base 13) to base 9.
15522
Convert -563 (base 14) to base 11.
-890
What is 1a72 (base 11) in base 4?
220330
Convert -18a5 (base 11) to base 7.
-10016
Convert 2486 (base 9) to base 8.
3504
What is -b95 (base 12) in base 6?
-11505
What is -1b2 (base 14) in base 8?
-540
What is -166 (base 10) in base 13?
-ca
573 (base 14) to base 7
3103
Convert 3373 (base 12) to base 4.
1121013
Convert -4043 (base 5) to base 11.
-436
Convert -21012 (base 9) to base 5.
-420422
-346 (base 7) to base 5
-1211
2788 (base 9) to base 7
6065
101000101001 (base 2) to base 14
d3b
Convert -10312 (base 4) to base 7.
-622
Convert 7a (base 12) to base 9.
114
34002 (base 7) to base 6
103413
Convert -304 (base 6) to base 16.
-70
Convert -4c5 (base 15) to base 16.
-43d
What is 197 (base 12) in base 7?
520
1b3 (base 13) to base 16
13b
Convert -18704 (base 10) to base 7.
-105350
Convert 1502 (base 8) to base 7.
2301
What is -7064 (base 8) in base 12?
-2130
What is -45 (base 9) in base 12?
-35
-4063 (base 10) to base 11
-3064
Convert 1497d (base 16) to base 2.
10100100101111101
Convert -9099 (base 11) to base 6.
-131543
Convert 10119 (base 10) to base 3.
111212210
-2222210 (base 3) to base 11
-1703
14334 (base 5) to base 3
1200011
31102002 (base 4) to base 6
1055510
What is -16123 (base 7) in base 6?
-32541
5418 (base 9) to base 13
1a78
-213055 (base 7) to base 15
-aec4
What is 1422 (base 6) in base 3?
111212
-215 (base 9) to base 2
-10110000
What is -437 (base 10) in base 4?
-12311
Convert 182d (base 15) to base 16.
1462
Convert -71a (base 12) to base 16.
-406
What is -410132 (base 6) in base 4?
-13323020
Convert 42bd (base 16) to base 12.
9a79
What is c1 (base 13) in base 12?
111
41740 (base 8) to base 7
101442
Convert -4435 (base 7) to base 5.
-22334
Convert 425 (base 14) to base 13.
4ab
What is 111312 (base 4) in base 6?
10250
21a3a (base 11) to base 15
9696
1000000110 (base 2) to base 14
290
What is 723 (base 9) in base 13?
363
Convert 293e (base 16) to base 13.
4a62
What is -21300 (base 9) in base 4?
-3130032
What is -9dc1 (base 16) in base 12?
-1b455
5370 (base 10) to base 7
21441
54423 (base 7) to base 8
32426
What is 11931 (base 10) in base 2?
10111010011011
Convert -3314 (base 10) to base 3.
-11112202
Convert 11220 (base 3) to base 16.
84
Convert -270 (base 8) to base 4.
-2320
Convert -21d (base 16) to base 6.
-2301
Convert 406 (base 14) to base 7.
2206
What is -353440 (base 6) in base 16?
-77a0
What is 1565 (base 9) in base 14?
613
-1033120 (base 4) to base 9
-6864
What is 9b (base 13) in base 7?
242
What is 3c6 (base 15) in base 13?
513
3247 (base 14) to base 8
20757
What is -2020122 (base 3) in base 11?
-1259
-40134 (base 7) to base 5
-302203
179c (base 13) to base 5
103014
Convert -502 (base 9) to base 8.
-627
Convert -a089 (base 13) to base 12.
-10943
20610 (base 7) to base 15
17a3
Convert -14148 (base 11) to base 8.
-47252
What is -220222 (base 3) in base 8?
-1242
Convert -2101 (base 4) to base 8.
-221
Convert -56b (base 15) to base 16.
-4ca
What is 6454 (base 7) in base 8?
4365
What is 4506 (base 12) in base 13?
3627
What is -100110111 (base 2) in base 9?
-375
Convert 1890a (base 11) to base 12.
13330
What is -1134 (base 7) in base 6?
-1533
Convert -987 (base 15) to base 6.
-13544
What is 693 (base 15) in base 6?
10520
402 (base 6) to base 13
b3
-11457 (base 8) to base 15
-16c6
Convert 1061 (base 15) to base 3.
11202101
What is -27784 (base 10) in base 11?
-19969
What is -670 (base 10) in base 2?
-1010011110
-334 (base 7) to base 3
-20101
4ab (base 16) to base 5
14240
Convert 451 (base 6) to base 10.
175
Convert 202 (base 10) to base 15.
d7
What is -64 (base 13) in base 2?
-1010010
-30430 (base 5) to base 10
-1990
What is -b76 (base 13) in base 15?
-8a6
16984 (base 12) to base 7
163516
120 (base 16)